{"id":117,"date":"2023-03-06T10:37:34","date_gmt":"2023-03-06T09:37:34","guid":{"rendered":"https:\/\/hekcabling.fr\/?page_id=117"},"modified":"2023-03-07T18:35:51","modified_gmt":"2023-03-07T17:35:51","slug":"accueil","status":"publish","type":"page","link":"https:\/\/hekcabling.fr\/","title":{"rendered":"Accueil"},"content":{"rendered":"\n<div class=\"wp-block-columns is-layout-flex wp-container-core-columns-is-layout-28f84493 wp-block-columns-is-layout-flex\">\n<div class=\"wp-block-column is-layout-flow wp-block-column-is-layout-flow\">\n<p>Hek Cabling est une soci\u00e9t\u00e9 sp\u00e9cialis\u00e9e dans le c\u00e2blage informatique.<br>Nous intervenons dans tous les domaines n\u00e9cessitant une expertise dans les services au datacenters.<\/p>\n<\/div>\n\n\n\n<div class=\"wp-block-column is-layout-flow wp-block-column-is-layout-flow\">\n<figure class=\"wp-block-image size-full\"><img loading=\"lazy\" decoding=\"async\" width=\"612\" height=\"344\" src=\"https:\/\/hekcabling.fr\/wp-content\/uploads\/2023\/03\/datacenter1.png\" alt=\"\" class=\"wp-image-135\" srcset=\"https:\/\/hekcabling.fr\/wp-content\/uploads\/2023\/03\/datacenter1.png 612w, https:\/\/hekcabling.fr\/wp-content\/uploads\/2023\/03\/datacenter1-300x169.png 300w\" sizes=\"auto, (max-width: 612px) 100vw, 612px\" \/><\/figure>\n<\/div>\n<\/div>\n","protected":false},"excerpt":{"rendered":"<p>Hek Cabling est une soci\u00e9t\u00e9 sp\u00e9cialis\u00e9e dans le c\u00e2blage informatique.Nous intervenons dans tous les domaines n\u00e9cessitant une expertise dans les services au datacenters.<\/p>\n","protected":false},"author":1,"featured_media":0,"parent":0,"menu_order":0,"comment_status":"closed","ping_status":"closed","template":"","meta":{"footnotes":""},"class_list":["post-117","page","type-page","status-publish","hentry"],"blocksy_meta":{"styles_descriptor":{"styles":{"desktop":"","tablet":"","mobile":""},"google_fonts":[],"version":5}},"_links":{"self":[{"href":"https:\/\/hekcabling.fr\/index.php\/wp-json\/wp\/v2\/pages\/117","targetHints":{"allow":["GET"]}}],"collection":[{"href":"https:\/\/hekcabling.fr\/index.php\/wp-json\/wp\/v2\/pages"}],"about":[{"href":"https:\/\/hekcabling.fr\/index.php\/wp-json\/wp\/v2\/types\/page"}],"author":[{"embeddable":true,"href":"https:\/\/hekcabling.fr\/index.php\/wp-json\/wp\/v2\/users\/1"}],"replies":[{"embeddable":true,"href":"https:\/\/hekcabling.fr\/index.php\/wp-json\/wp\/v2\/comments?post=117"}],"version-history":[{"count":5,"href":"https:\/\/hekcabling.fr\/index.php\/wp-json\/wp\/v2\/pages\/117\/revisions"}],"predecessor-version":[{"id":170,"href":"https:\/\/hekcabling.fr\/index.php\/wp-json\/wp\/v2\/pages\/117\/revisions\/170"}],"wp:attachment":[{"href":"https:\/\/hekcabling.fr\/index.php\/wp-json\/wp\/v2\/media?parent=117"}],"curies":[{"name":"wp","href":"https:\/\/api.w.org\/{rel}","templated":true}]}}